- -54) + -7.
-1
Evaluate 0 + 0 - (6 + (7 - -3 - 24)).
8
Evaluate (13 + -23 - -20) + -12.
-2
5 - (44 + -16 - 21)
-2
Evaluate (-13 - (-15 - -8)) + (-1 - -31) - 6.
18
What is the value of -3 + (0 + 14 - 14) + 0 + 7?
4
-26 + -12 + 18 - -15
-5
Calculate (-4 - -6 - (5 + -2 + 3)) + 16.
12
-7 + (2 - (-11 - 5)) + (22 - 0)
33
-9 + (10 - 7) + (-6 + 4 - 2)
-10
What is 3 - (-6 + 0 + (7 - 13) - -3)?
12
What is the value of (11 - 13) + (3 + -5 + 0 - -2)?
-2
Evaluate (-1 - (2 + 1 - 4)) + (196 - 193).
3
Calculate -12 + 9 - -4 - ((-13 - -1) + 2).
11
Calculate -61 + -8 + (2 - -33).
-34
What is the value of 877 - 883 - (-1 + -24)?
19
What is the value of (-1 - -10) + (11 - -11) + -21?
10
-21 - (-12 - (23 - 17))
-3
-11 - -4 - (-1 - -1)
-7
(5 + (-23 - -9) - -1) + 17
9
Calculate -10 - (0 - 3) - (-473 - -441).
25
-56 + 40 + -28 + 40
-4
What is the value of 2 + 15 - (-391 + 415)?
-7
What is the value of -10 + 2 + 14 + 2 - (28 + 0)?
-20
Evaluate -8 + -3 + 3 + (34 - 16).
10
Calculate 6 + -7 + (-7 - (10 + -25)).
7
22 - (6 + 20 + (-4 - 11))
11
Evaluate (9 - 9 - 7) + -4.
-11
Evaluate (3 - 12) + -3 - -15 - 2.
1
-49 - -15 - -19 - -6
-9
What is the value of (-3 - -1) + 19 - ((-51 - -33) + 20)?
15
Evaluate 2 + (8 - 8 - 3) + -1.
-2
Evaluate (14 - 2) + (0 + (6 - -5) - -3).
26
-14 + (8 - (2 - -12)) + 4
-16
3 + -17 - (7 - ((-4 - 12) + 16))
-21
What is -8 + -4 + (-7 + -2 - -3)?
-18
What is 35 + 4 + -23 + 12?
28
Evaluate (-19 + (12 - 9) + 3 - 1) + -10.
-24
Evaluate (2 + 10 - (43 - 28)) + (20 - 1).
16
Calculate -8 - -47 - 26 - (9 - -2).
2
Evaluate 19 + (-8 - -17) - 22.
6
What is -54 + -14 + 10 + 37?
-21
What is the value of -17 + (10 + 0 - -3)?
-4
-8 - (37 - 38 - (-1 + -1 + -6))
-15
Calculate -15 + 2 - (-28 + 14 + -6).
7
Calculate -6 + 2 + (-8 - 0) + 5.
-7
2 - ((-9 + 17 - 3) + 0)
-3
What is 2 + (3 - (8 + -6 - -8))?
-5
What is the value of (-8 - 2) + 5 + (-3 - -2)?
-6
Calculate -9 - -17 - (1 - -5 - 6).
8
Evaluate -32 + (1 - -1) + (6 - (0 + 0)).
-24
(-1 - 28) + -17 - -28
-18
What is the value of 41 - 10 - 5 - 58?
-32
(22 - 29) + 14 + (0 - -3)
10
What is 10 - (-8 - -21) - (-11 + 4 - -3)?
1
What is 7 + -24 + 13 + 25?
21
-24 + -1 + (227 - 213)
-11
(5 - (3 + 1)) + (-6 + 0 - -3)
-2
Evaluate -4 + 6 + 1 + 3.
6
Evaluate (23 - 1) + -5 + 0 + 61 + -53.
25
What is -3 - -5 - -23 - (-20 + 17 + 9)?
19
Calculate -35 + (-29 - (-69 - -22)).
-17
Evaluate (1 - -3) + -1 + -2 + -5.
-4
What is 27 + -3 - 21 - (0 - (6 - -3))?
12
(17 - (19 + 4)) + -9
-15
What is the value of 3 + -52 - (-174 + 159)?
-34
What is 0 + -4 + 2 + 2 - (40 - 35)?
-5
Evaluate 15 + (-7 - -6 - -7) + -7.
14
What is the value of 5 + (3 - 1 - -14) + -37?
-16
Calculate 51 - (7 + 4 + (-28 - -30)).
38
Calculate (-51 - -41) + (-6 - (-1 + 0)).
-15
What is -36 + 47 - (-3 + 3 + 12)?
-1
Evaluate (4 - (-2 + 2)) + 15 + -46.
-27
What is the value of -15 + -35 + 88 + -42?
-4
0 + 0 + 9 + (15 - 15) + -28
-19
-1 + 6 + (2 - (12 - -1))
-6
Calculate (-9 + 11 - 2) + -3.
-3
32 + (22 + -63 - -21 - (-12 + 3))
21
Calculate -21 - (-3 - -2 - ((3 - 19) + 18)).
-18
Evaluate -10 - -6 - (75 + -56).
-23
Evaluate -6 + 3 + -10 + 0 - -22.
9
Evaluate -10 + 1 + 176 + -155.
12
What is the value of -24 - -11 - (-15 + -11)?
13
Evaluate -215 - -224 - (4 + -16).
21
What is the value of -15 + 0 - (-14 + 11 + 7)?
-19
What is -4 - -8 - 15 - (-19 + 7)?
1
What is -4 + -9 - (-9 - (47 - 13))?
30
Evaluate 15 + (-18 - -11 - 8) + 0 + 9.
9
What is the value of (4 - 47) + -448 + 527?
36
Calculate (4 - (-1 + 0)) + 259 + -257 - -2.
9
What is the value of -23 - ((19 - 23) + -8)?
-11
((-7 - (-11 + 11)) + 0 - -8) + -33
-32
What is (42 + -43 - (-4 - 1)) + 4?
8
What is 79 + -84 - (-16 + 2)?
9
What is (-54 - 13) + 24 - -27?
-16
-2 + -1 + (-37 - -46)
6
Evaluate -12 - -11 - (0 - (4 + 0)) - 7.
-4
What is (-1 - (-2 + -33 - (-25 + 25))) + -10?
24
Calculate -11 + 20 + -28 + 7.
-12
What is the value of (200 + -224 - (1 + 0)) + 4?
-21
What is -15 - (14 + (0 - 13) + -3)?
-13
Evaluate 0 + 3 + 173 + -171.
5
What is the value of (-32 - -7 - -3) + 3?
-19
16 + (1 + -4 - (-33 + 51))
-5
What is the value of 14 + (-2 + 7 + 0 - (-45 + 48))?
16
Calculate -2 - 1 - (-27 - -3) - (-51 - -54).
18
10 + (18 - 40) - (-4 - 0)
-8
-29 + (33 - 5) + -26 + (1 - -1)
-25
What is -5 + 3 + 1 + (1 - -4) + -4?
0
What is the value of 2 + -18 - (-16 - -9) - -7?
-2
Evaluate 17 - (-45 - -51 - (0 - -3)).
14
Calculate 0 + (14 - -2) + -26 + 22.
12
-1 + -4 - (-7 + 8 - 3)
-3
What is (-4 - -2) + (-9 - (7 + -23)) - 2?
3
8 + (6 - 21) - (-15 + (15 - 6))
-1
Evaluate 0 - (-6 - (1 - (4 - 5)) - -4).
4
What is the value of (-5 - (3 - 4)) + -32 + 20?
-16
What is 16 - -1 - (235 + -251)?
33
-29 - (-2 - 17) - -9
-1
Calculate (-9 - (1 + 7 + -6)) + (-4 - 0).
-15
Evaluate 6 + 0 + -2 + -7 + 17 + -27.
-13
Calculate 8 - 2 - 12 - ((-1 - 2) + 1).
-4
Calculate 19 + (-6 - ((-9 - -3) + 10)) + -8.
1
What is the value of -9 + -1 + (4 - (4 + -12 - -29))?
-27
Evaluate -10 + 45 + -21 + (0 - 3).
11
What is (5 - 1 - (65 - 57)) + -7?
-11
(17 - 8 - 6) + 4 + 6
13
What is (-4 - -2 - -4) + -6 - (0 - 2)?
-2
Evaluate 28 + -4 - 18 - 3.
3
Calculate 3 + -40 + 45 + (0 - (0 + 1)).
7
What is the value of -8 - (-3 + -1 + 5) - -16?
7
Calculate (1 - 7) + (4 - (11 - (-5 - -8))).
-10
What is the value of 10 - (17 + -27 - -18)?
2
Evaluate 2 - (0 + 3 + 2) - (4 - 2).
-5
(-3 - -11) + (11 - 7) + -9
3
What is the value of -8 + 2 - (-21 - -25 - -16)?
-26
-6 + (48 + -48 - (6 + 1)) - -4
-9
What is the value of 8 + 1 + -1 + (29 - 48) + 12?
1
Calculate -163 - -161 - (-17 + -3).
18
What is 24 - (8 - 4) - (2 - -4) - 5?
9
What is (-1 + 6 - (-3 - -1)) + 9 + -5?
11
Calculate (46 - 39 - (2 + 1 + -1)) + -5.
0
(-2 - (17 - 22)) + 1 + -4 + 2
2
What is -27 + 9 + 20 + -4?
-2
Evaluate 2 + (-11 - -10) - 10 - 0.
-9
What is 6 + (3 - 4) + -2 + -3 + 6?
6
What is -3 - (-5 + 16) - (4 + -16)?
-2
What is 2 + (-26 - 0) + 5?
-19
Calculate 5 - (-1 + (2 - -22)).
-18
(0 - 4) + -17 - (-9 - 1) - -7
-4
What is 3 - 43 - (-30 + -8)?
-2
What is 26 + (32 - 50) - 26?
-18
What is the value of -21 - (-5 - -2) - (2 - -16 - 24)?
-12
Evaluate 8 + -7 + (-23 - -54).
32
Calculate 131 + -121 + 1 + -4.
7
Calculate 9 + 18 + -28 - (-1 - 15).
15
What is 0 + -4 + 3 - (18 + -25)?
6
What is (-5 - (-5 - -4)) + 4?
0
-15 + (-2 - (2 + -27))
8
Evaluate 1 + 17 + (32 - 42).
8
Evaluate -16 + 12 - -6 - ((2 - -15) + -2).
-13
What is 20 - (19 - (-5 + 4 - -9))?
9
Evaluate 2 + (-1 - -5) - (51 - (73 - 14)).
14
What is the value of 82 + -85 + -27 + 5 + -2 - 2?
-29
What is the value of 3 - -1 - (-260 + 265 + (0 - -1))?
-2
Calculate -12 - (7 + 1 - (25 + -10) - -6).
-11
Evaluate -1 + 6 + 14 + -21.
-2
Calculate 1 + 35 + -7 + -33.
-4
What is -24 + 14 + 7 + (5 - 3)?
-1
What is 14 + -16 - -3 - 9?
-8
Evaluate (-1805 - -1823) + (1 - -8).
27
1 - (-41 - (-11 + -21))
10
-33 - -19 - (-7 + -15) - -16
24
Calculate (237 - 237) + (7 - 1 - 0 - 0).
6
Evaluate -21 - ((-27 - 63) + 39).
30
Evaluate 25 - -6 - (-64 - -81).
14
What is the value of 25 + (-30 - (43 + -16))?
-32
Calculate 12 - 7 - -6 - 25.
-14
What is the value of -1694 + 1693 + (1 - 14)?
-14
-6 - (0 - -19 - (-174 - -182))
-17
Calculate (-16 - -13 - 12) + (-12 - -19).
-8
Evaluate 4 + (-3 - 3) - (0 + (2 - -7)).
-11
Calculate -8 - -11 - -5 - (-1 - -5).
4
What is the value of 48 - (25 + 5 - 16)?
34
Evaluate -2 + 1 + 5 - (237 + -233) - 11.
-11
Evaluate (2 - 1) + (394 - 416).
-21
What is 8 + 1 - (-28 + (19 - (2 + 13)))?
33
What is the value of (3 - 27) + (9 - 0 - 2)?
-17
What is the value of -4 + 0 - ((8 - (23 + -5)) + 9)?
-3
What is the value of -60 + 51 - (2 + -5 + (-1 - 11))?
6
Evaluate -1 - (-15 + 16 + -11).
9
Calculate (-2 - 1) + (-25 - (-12 + (10 - 3))).
-23
What is the value of 20 - (27 - (-5 - -21))?
9
Calculate -21 + 3 - (95 + -112).
-1
-1 + -28 + (-8 - (-35 + 13))
-15
Evaluate 0 + (4 + -1 - 9) + 17 + -3.
8
What is the value of -7 + 21 - 8 - ((-1 - -1) + 4)?
2
What is (1 - 0) + (127 - 116) - -10?
22
What is (16 - (3 + -9) - 11) + 5?
16
-20 - (-21 + (21 - 6))
-14
-15 + 8 - (-9 + -2)
4
Calculate 12 - 25 - -15 - (9 - 2).
-5
What is the value of (2 - -10) + -6 + -9 + 2 + -24?
-25
What is the value of 7 + -60 + (17 - -17)?
-19
What is 5 + (-5 - -10 - -2)?
12
0 - 8 - ((0 - -8) + -14)
-2
25 + -24 - 2 - -2
1
Evaluate 11 + -4 + -23 + -2.
-18
What is the value of -4 + -3 + 16 + -5 + -17 - -4?
-9
(18 - (-2 - -11) - 11) + 16
14
What is